 Let t(j) = 1 + j**2 - 4 + a + 6 - 4*j. What is the remainder when 8 is divided by t(4)?
2
Let l = 39 + -31. Let b(c) = -3*c + 1. Let u(z) = -z. Let i(n) = b(n) - 2*u(n). Calculate the remainder when i(-14) is divided by l.
7
Suppose -4*v + 4*x = -9*v + 694, -x = 3*v - 422. What is the remainder when v is divided by 3?
1
Let y(c) = -c**3 + c**2 + 11*c + 4. Let k be y(4). Let u(d) = -d**2 + 2*d + 23. Calculate the remainder when 113 is divided by u(k).
21
Suppose -39 = -8*c + 9*c. Let g = c - -62. Calculate the remainder when 67 is divided by g.
21
Let w(b) = -2*b - 6. Let x be w(-6). Let t = 72 + x. What is the remainder when t is divided by 27?
24
Let m(k) = -k**3 - 8*k**2 + 5. Calculate the remainder when 33 is divided by m(-8).
3
Let k(r) = 8*r + 1. Let p be k(1). Suppose 15*n - 282 = p*n. What is the remainder when n is divided by 25?
22
Let y be 640/28 + 1/7. Suppose 0*b = b - y. What is the remainder when 43 is divided by b?
20
Let d be (-8)/(-8) - -1*(1 + 2). Calculate the remainder when 15 is divided by 2/16*2 - (-11)/d.
0
Let r(c) = c**3 + 12*c**2 - 2*c - 14. Let s = 15 + -27. What is the remainder when 18 is divided by r(s)?
8
Let l(n) = 74*n - 49. Calculate the remainder when l(5) is divided by 36.
33
Suppose 70 + 38 = 6*m. What is the remainder when (-5*3/4)/((-2)/56) is divided by m?
15
Let x = 2532 - 2475. What is the remainder when 447 is divided by x?
48
Let w be 1/(-3)*(-14 - 73). Let i = w + -26. Suppose -13 - 7 = -4*y. Calculate the remainder when y is divided by i.
2
Let b(f) = f**2 - 15*f + 61. Calculate the remainder when 236 is divided by b(4).
15
Let o be ((-12)/(-10))/((-6)/(-15)). Suppose 5*x = o*x + 16. What is the remainder when -2 + 828/26 - (-6)/39 is divided by x?
6
Let z(g) = 7*g - 5. Suppose -4*y + c = -2*y - 11, -2*y + 4*c = -26. What is the remainder when 45 is divided by z(y)?
13
Suppose 0 = 3*i - 113 + 74. What is the remainder when 2234 is divided by i?
11
What is the remainder when (-114)/(-12)*26/1 is divided by 31?
30
Let h = 1255 + -1200. What is the remainder when 156 is divided by h?
46
Let k(m) = -m + 103. Let t(y) = 20*y + 215. What is the remainder when k(0) is divided by t(-10)?
13
Suppose -5*i + 74 = -o, i - o = o + 22. Suppose 3*a = 32 - i. What is the remainder when a is divided by 3?
0
Let r = -17 + 20. Suppose 0 = -5*o + 6*s - r*s + 48, -2*o + s + 19 = 0. What is the remainder when o is divided by 5?
4
Let v = 22 + -40. What is the remainder when (v/(-2))/(3/15) is divided by 2*9/24 - (-1952)/128?
13
Suppose 4*n - s - 16 = 0, -4*s - 7 = -23. Suppose -8 = 3*p + 2*l + 240, n*l + 158 = -2*p. Calculate the remainder when 49 is divided by -3 + -3*p/9.
24
Let d be 21140/(-21)*(-3)/2. Suppose d - 559 = 3*a. Let q = a - 222. Calculate the remainder when q is divided by 24.
23
Suppose -15*y = -6*y - 171. What is the remainder when 55 is divided by y?
17
Suppose -11 = -2*l + 21. Let o = -3 + l. Calculate the remainder when o is divided by 7.
6
Let h(s) = s + 11. Let g be h(-8). Suppose g*n = -t - 8, 2*t = -4*n - 3*t + 4. Let y = 50 + n. What is the remainder when y is divided by 12?
10
Let a(d) = 3 + 14*d + d**2 + 11*d - 22*d. Calculate the remainder when a(6) is divided by 23.
11
Suppose -10 = -2*n, -3*n + 6 + 5 = q. What is the remainder when ((-9)/q)/(7/196) is divided by 17?
12
Let x be ((-8)/(-6))/((-3)/(-9)). Suppose 16 = x*t, n + 2*t = 2*n - 12. Suppose 5*f + 0*f - n = 0. What is the remainder when 6 is divided by f?
2
Suppose -2409 = 45*k - 56*k. What is the remainder when k is divided by 13?
11
Suppose 3 = 2*k - 2*r - 11, 2*r - 2 = 0. Suppose 182 = -13*g - 182. What is the remainder when (-128)/(-7) + k/g is divided by 7?
4
Let x(u) = -6 - 21 + 35*u - 42*u. Calculate the remainder when 57 is divided by x(-6).
12
Suppose -2*t - 145 = -7*t. Let s be t + 0 + (0 - -2). Let r = s - 19. What is the remainder when 35 is divided by r?
11
What is the remainder when (18*(-4)/(-18))/((-4)/(-34)) is divided by 14?
6
Suppose 3*o - 2*r = 61, -12 = 2*o + r - 62. Suppose -5 - 8 = -a. What is the remainder when o is divided by a?
10
Let p(d) be the first derivative of 5/3*d**3 + 1/4*d**4 + 2*d + 0*d**2 - 11. What is the remainder when 53 is divided by p(-4)?
17
Let l = 12 - 8. Suppose -65 = -l*w + 3*w. What is the remainder when w is divided by 6?
5
Let f = -14 + 24. Let w(x) be the second derivative of -3*x**3/2 - 45*x**2/2 + 7*x. Calculate the remainder when w(-8) is divided by f.
7
Let t(i) = -i**3 - 4*i**2 - 2*i - 5. Let y be t(-4). Let z = y + -1. Let n = 0 - -4. Calculate the remainder when n is divided by z.
0
Suppose -2*c - 6*c + 40 = 0. Suppose -7*m = -c*m - 10. What is the remainder when m is divided by 3?
2
Let s = 27 + -18. Let h = -6 + s. Suppose -h*d = 3*d - 36. Calculate the remainder when 8 is divided by d.
2
Calculate the remainder when (-430 + 0)/(12/(-24)*4) is divided by 20.
15
Let u = -2 - 16. Let t be ((-348)/u)/((-2)/6). Calculate the remainder when 84 is divided by t/5*(-70)/28.
26
Let w(o) = -o - 4. Let y be ((-14)/8)/((-7)/(-28)). Let k be w(y). Suppose -3*h + k + 6 = 0. What is the remainder when 8 is divided by h?
2
Let y = -583 + 622. Calculate the remainder when y is divided by 145/7 - 4/(-14).
18
Let k(u) = -5*u - 10. Let g be k(-11). Suppose 0*b = b - 22. Calculate the remainder when -2*(-3)/(-2) + g is divided by b.
20
Let p(q) = 2*q + 3. Suppose g = 3*u - 0*g - 255, -u + g + 87 = 0. Let i = u + -48. Calculate the remainder when i is divided by p(5).
10
Suppose 19*o - 455 = 6*o. What is the remainder when 298 is divided by o?
18
Suppose 5*h + 2*w + 99 = 0, 0 = -h + 5*h + 4*w + 84. What is the remainder when 53 is divided by 1*11 + 19 + h?
9
Let i = -15 + 86. What is the remainder when 152 is divided by i?
10
Let j(c) = 8*c**2 + 2*c - 2. Let f be ((-4)/(-6))/(5/(-15)). What is the remainder when j(f) is divided by 14?
12
Let u(g) = -10*g**2 - 2*g - 1. Let c be u(-1). Let w = c + 13. Suppose -3*h = -4*d - 29, -w*h + 2*h = 5*d - 27. Calculate the remainder when 42 is divided by h.
9
Let f = -338 - -776. Calculate the remainder when f is divided by 11.
9
Suppose -5*w + 2*n + 253 = 3*n, 5*w = -4*n + 247. What is the remainder when 405 is divided by w?
48
Suppose 3*u + 12 = -3. What is the remainder when 6 is divided by -1*(4 - (1 - u))?
0
Let l(t) = -23*t - 6. Calculate the remainder when 43 is divided by l(-1).
9
Suppose 3*j + 332 = 5*w, -15*w + 4*j + 80 = -14*w. Calculate the remainder when w is divided by 36.
28
Let n(v) = 46*v**2 + 12*v - 11. What is the remainder when n(-4) is divided by 31?
26
Suppose 245 - 2611 = -14*z. Let v = -75 + z. Calculate the remainder when v is divided by 14.
10
Let j = -141 + 145. Suppose -j*n - 316 = -5*g, 4 = -0*n - n. What is the remainder when g is divided by 7?
4
Suppose 3*p + 2 = 20. Suppose 3*v - 3*h = 33, 0*h - p = -3*h. What is the remainder when 2/(-8) - 423/(-12) is divided by v?
9
Let t be 1 + ((-2)/(-1))/1. Let w = 337 + -331. Calculate the remainder when (10/t)/(2/6) is divided by w.
4
Suppose -553 - 248 = -9*r. What is the remainder when r is divided by 29?
2
Suppose 12*k = 8*k + 228. Let a(q) = -q**2 + 4*q + 9. Let t be a(5). Suppose t*g - 49 = 67. What is the remainder when k is divided by g?
28
What is the remainder when 250/4*(-5 + 7) is divided by (-14)/(-3)*-3*132/(-88)?
20
Suppose -2*f + f + 160 = 4*g, 848 = 5*f - 4*g. Calculate the remainder when f is divided by 18.
6
Let s(p) = -p**3 + 11*p**2 - 9*p + 21. Let h(r) = r**3 + 19*r**2 - 41*r + 31. Let y be h(-21). Calculate the remainder when s(y) is divided by 8.
7
Let w(d) = -2*d**2 - 21*d - 17. Suppose -6*j + 9*j = 114. Calculate the remainder when j is divided by w(-9).
8
Suppose -2*n + 3*s = -s - 82, n - 33 = 4*s. Suppose -4*a = -3*j - 287, 5*a + 0*j - 356 = j. Let g = a + -46. What is the remainder when n is divided by g?
24
Let z(q) = q**3 + 7*q**2 - 5*q + 37. Calculate the remainder when z(-7) is divided by 40.
32
Let o(q) = -4*q + 170. Calculate the remainder when 29 is divided by o(39).
1
Let m be (-3 - 1)/(15/(-60)). Let g = m + -1. Calculate the remainder when g is divided by 7.
1
Let t be ((-351)/(-52))/(3/(-56)). Let q = 170 + t. What is the remainder when q is divided by 2/(-3) + 29/3?
8
Let k be -1*21 - (3 + -6). Let x = k - -22. What is the remainder when 5